Let v = -3851 + 5597. What is the highest common divisor of p and v?
18
Suppose -14*h + 4896 = 13*h + 522. What is the highest common divisor of 4941 and h?
81
Suppose -49 + 124 = 5*j. Let w(b) = b + 4. Let x be w(0). Suppose 0 = 5*v - 0*v, 4*v = x*s - 420. Calculate the greatest common divisor of s and j.
15
Suppose 0 = -5*q + 44*w - 41*w + 1059, -3*w = 2*q - 411. Suppose -7*t + 422 = -166. Calculate the greatest common divisor of q and t.
42
Let n(h) = -h**3 + 10*h**2 + 15*h - 38. Let r be n(11). Suppose -r*u = -346 + 94. Calculate the highest common divisor of 18 and u.
6
Let j = -3056 - -3092. Let n be (-94 + -2)*(-3)/2. Suppose -3*z + z = -n. Calculate the greatest common factor of z and j.
36
Let n be (-7)/28*-344 - (-3 - 0 - 3). Calculate the greatest common factor of n and 207.
23
Let a be ((-2)/(-4))/(47/29610). Calculate the highest common divisor of a and 462.
21
Let q(p) = 6*p**2 + 2*p - 2. Let s be q(3). Suppose 2*w - 4*c = -110, 4*c = w + 3*c + 54. Let l = w + s. What is the greatest common factor of 40 and l?
5
Let i(d) = 3*d**2 - 10*d + 3. Let g be i(3). Suppose 3*a - 141 = -3*r, -143 = -3*r - 4*a - g*a. Let t = -43 + r. What is the greatest common divisor of 5 and t?
1
Let p = 15553 + -15367. Calculate the highest common divisor of 33294 and p.
186
Let v(u) = -36*u + 289. Let n be v(8). Suppose 3*f + i - 119 = 0, 10*i = 3*f + 15*i - 103. Calculate the greatest common factor of n and f.
1
Suppose -2*g - 4*f - 7 + 33 = 0, -3*g = 2*f - 35. Suppose -g*v = 6*v - 646. Calculate the greatest common divisor of 19 and v.
19
Suppose 283*f - 15580 = 65358. What is the greatest common factor of 1936 and f?
22
Suppose 0 = 3*f - 21, 14*f + 1516 = 2*l + 12*f. What is the highest common factor of 75 and l?
15
Let z be (-2)/(-11) - (9 + (-17801)/(-77)). Let i = 305 + z. Calculate the greatest common factor of i and 10.
5
Suppose -3*m + 1220 = -2*f, m + 4*f - 83 = 333. Calculate the highest common factor of m and 444.
12
Let d(h) = -h**3 - 21*h**2 + 17*h - 50. Let l be 9/18 - (-225)/(-10). Let u be d(l). Calculate the highest common factor of u and 270.
30
Suppose 0 = -3*r - 0*r + 3*h + 780, -4 = -h. Suppose 6*l + r = 30*l. What is the greatest common factor of l and 33?
11
Suppose 0 = -7*o - 86 + 296. Let p(m) = -26*m - 477. Let k be p(-27). What is the highest common divisor of k and o?
15
Suppose -5*c + 12 = -h + 209, 0 = h + 3*c - 237. What is the greatest common divisor of h and 2775?
111
Let z be (-6333)/(-12) - (-459)/(-612). Suppose 0 = q + 4 - 35. What is the highest common divisor of q and z?
31
Let l(g) be the first derivative of -g**3/3 - 4*g**2 - 12*g + 79. Let x be l(-3). Suppose -v - 3*v = -96. Calculate the greatest common divisor of v and x.
3
Let o(c) = -971*c - 4815. Let p be o(-5). What is the greatest common divisor of p and 1335?
5
Let k = -923 - -979. Calculate the highest common divisor of k and 133.
7
Suppose 4*r = -1045 + 12137. Calculate the highest common divisor of r and 59.
59
Let h(z) = -z**2 - z + 37. Let b be h(18). Let y = b + 431. What is the greatest common divisor of y and 14?
14
Let t(i) = i**2 + 9*i - 27. Let p = 73 - 85. Let g be t(p). What is the greatest common factor of 9 and g?
9
Let v(i) = -2*i**2 - 14*i + 19. Let u be v(-8). Let g(l) = l**3 + l + 2. Let f be g(u). Calculate the highest common factor of f and 80.
16
Let l(u) = 1238*u**2 + 66*u + 168. Let h be l(-3). Calculate the greatest common divisor of h and 24.
24
Let n be 11764/36 + -5 - (-4)/18. Calculate the highest common divisor of n and 276.
46
Let t be 15/6*176824/460. What is the greatest common divisor of 620 and t?
31
Suppose 0 = 60*p - 7962 - 19038. What is the highest common divisor of p and 1710?
90
Let h = 259 - 245. Suppose -h*l + 1250 = 466. What is the greatest common divisor of l and 8?
8
Let q = 31 + -47. Let k = 7 + q. Let z be (220/30)/((-1)/k). What is the greatest common divisor of z and 165?
33
Let p(l) be the third derivative of l**6/120 - 11*l**5/60 - 3*l**4/8 - 7*l**3/3 + 21*l**2. Let h be p(12). What is the greatest common factor of h and 55?
11
Let i = 144 - 139. Suppose -i*o + f - 3*f + 223 = 0, 2*o + 3*f = 87. Calculate the greatest common divisor of o and 105.
15
Let k be 832 + -60 - (25 - 8). What is the greatest common divisor of k and 85?
5
Suppose 5*n = q - 2*q + 22, -4*q + 2*n + 132 = 0. What is the highest common divisor of 1320 and q?
8
Let z(s) = -73*s + 2. Let b be z(2). Suppose -25 + 391 = -2*l. Let q = b - l. What is the greatest common factor of q and 273?
39
Let x be (-2)/(-10) + (-294)/(-30). Let w(y) = -y - 5. Let g be w(-9). Suppose -3*r - 22 = -5*r - m, -g*m = -8. Calculate the highest common divisor of x and r.
10
Let q(i) = i**2 - 73*i - 304. Let c be q(-5). What is the greatest common divisor of c and 1376?
86
Suppose -3*t - 2*t + 25 = 0. Let w be -4*t/((-20)/4). Let b(n) = 7*n. Let x be b(w). Calculate the greatest common factor of 14 and x.
14
Let x(q) = q**3 + 13*q**2 + 28*q + 96. Let o be x(-8). Let j = 443 - 315. Calculate the highest common factor of o and j.
64
Suppose -118*m + 68*m = -9000. What is the highest common divisor of m and 220?
20
Let q be (-280)/(-126) + (-2)/9 - 1688/(-8). Calculate the greatest common factor of 15123 and q.
213
Let r = 6829 + -6653. What is the greatest common divisor of 1320 and r?
88
Suppose -34 - 36 = -p - 5*x, -5*x + 220 = 4*p. Let k(m) = m**3 - 15*m**2 - 12*m - 54. Let q be k(16). What is the highest common divisor of p and q?
10
Let r = 248 + 220. Calculate the greatest common divisor of 288 and r.
36
Let a(n) = -10*n - 20. Let d be a(-4). Suppose 0 = -22*q + d*q + 54. Calculate the greatest common factor of q and 9.
9
Let m be 1 + -1 + (36 - -3). Suppose 0 = -5*p + 3*q + 1197, 5*p + 2*q - 1485 + 333 = 0. What is the highest common divisor of m and p?
39
Suppose 1481*d = 1505*d - 504. Calculate the highest common factor of 4683 and d.
21
Let i = -12 - -12. Suppose i = 8*x - 318 - 994. Suppose 205 = 5*z - 0*z. What is the highest common divisor of x and z?
41
Let f be ((-4)/8 - 0) + 330/4. Suppose -475 = -f*p + 77*p. What is the highest common factor of p and 19?
19
Let c be (-8)/(-84)*-6 - (-39)/7. Let u = 52 + -50. Let q be 10/(30/12 - u). What is the greatest common factor of c and q?
5
Let f(v) = 145 + 261*v - 144 + 18*v. Let t = 12 - 11. Let j be f(t). Calculate the highest common factor of 35 and j.
35
Let j(u) = -u**3 - 13*u**2 - 10*u + 60. Let k be j(-11). Let m be -8 + 324/42 - k/7. What is the greatest common factor of 80 and m?
10
Let z(p) = 14*p + 118. Let x be z(5). Let n = -148 + x. Calculate the highest common divisor of 520 and n.
40
Suppose 4*m + 4*p - 2360 = 0, -7*m + 2378 = -3*m - 5*p. Calculate the greatest common factor of m and 64.
16
Suppose -24*b + 18*b = 1980. Let h = b + 554. Suppose 4*s - 2*s - h = 0. What is the greatest common divisor of s and 16?
16
Let h be 10/2*81/15 + (0 - 0). Calculate the greatest common factor of h and 8883.
27
Let v = -3282 - -3360. What is the greatest common divisor of v and 18?
6
Suppose 4*o = -1 - 19. Let a = -13 - -15. Let l be a/o - 105/(-75). What is the greatest common divisor of 3 and l?
1
Suppose 2*l = 2*u - 272 - 16, 3*u + 3*l - 450 = 0. Let o = u + -138. What is the greatest common divisor of 12 and o?
3
Let b(w) = -3*w + 44. Let h be ((-22)/(-10))/(3/15). Let s be b(h). Calculate the greatest common divisor of 22 and s.
11
Let m(u) be the third derivative of 7*u**5/30 - 31*u**4/24 + u**3/2 - 2*u**2 - 255*u. Let n be m(5). What is the highest common factor of 90 and n?
18
Let j(i) = 23*i**3 + 4*i**2 - 100. Let l be j(6). Calculate the greatest common divisor of l and 84.
28
Suppose -5014 - 3588 = -46*j. Calculate the highest common divisor of 990 and j.
11
Let o be 3/6 + 40/16 + 84/4. What is the highest common divisor of o and 348?
12
Let v be -16*(4 - 3 - 3). Suppose -3*t + v = 20. Suppose -t*j = j + z - 838, 2*j - 340 = 2*z. Calculate the highest common divisor of 21 and j.
21
Let z be -7*(-11)/308 + 10/(-8). Let a be (-14)/z*(-135)/(-9). What is the highest common factor of a and 63?
21
Let h = -4 + 10. Suppose 4*y - 14 - h = 0. Suppose -b + y*b = -8, 2*d - 72 = b. What is the greatest common divisor of d and 5?
5
Let t(v) = -52*v**2 + 16*v + 44. Let l be t(-3). Let b = l + 535